s the thousands digit of 3680959902?
9
What is the units digit of 146717864?
4
What is the units digit of 672349033?
3
What is the thousands digit of 1029196222?
6
What is the hundred millions digit of 582170136?
5
What is the thousands digit of 666542?
6
What is the ten millions digit of 179057581?
7
What is the units digit of 7343179806?
6
What is the hundred thousands digit of 70141898?
1
What is the tens digit of 18212870?
7
What is the hundreds digit of 20951408?
4
What is the millions digit of 41741205?
1
What is the hundreds digit of 32500300?
3
What is the thousands digit of 44289918?
9
What is the hundred thousands digit of 150189240?
1
What is the billions digit of 2620870935?
2
What is the billions digit of 5627343967?
5
What is the thousands digit of 3996669395?
9
What is the millions digit of 93495371?
3
What is the hundred millions digit of 721028030?
7
What is the ten thousands digit of 14769968?
6
What is the ten thousands digit of 102846711?
4
What is the hundred millions digit of 347795448?
3
What is the thousands digit of 13287522?
7
What is the ten millions digit of 1275114039?
7
What is the units digit of 528941763?
3
What is the ten thousands digit of 31749889?
4
What is the hundred millions digit of 625311911?
6
What is the tens digit of 130488075?
7
What is the hundred thousands digit of 29577222?
5
What is the units digit of 440562923?
3
What is the thousands digit of 151993264?
3
What is the thousands digit of 247590232?
0
What is the hundreds digit of 735915863?
8
What is the hundreds digit of 53238527?
5
What is the ten thousands digit of 65705682?
0
What is the billions digit of 1285889431?
1
What is the tens digit of 30241611?
1
What is the thousands digit of 9407543?
7
What is the billions digit of 3516815367?
3
What is the units digit of 8738907?
7
What is the ten millions digit of 675923260?
7
What is the hundreds digit of 3707930975?
9
What is the ten thousands digit of 298839784?
3
What is the tens digit of 130135336?
3
What is the millions digit of 67897801?
7
What is the thousands digit of 2693156770?
6
What is the hundred thousands digit of 41375770?
3
What is the thousands digit of 33589164?
9
What is the ten millions digit of 86776327?
8
What is the ten thousands digit of 41466163?
6
What is the units digit of 61190577?
7
What is the hundred thousands digit of 873771077?
7
What is the tens digit of 1024689442?
4
What is the ten thousands digit of 1939529392?
2
What is the ten thousands digit of 4684859120?
5
What is the millions digit of 42158318?
2
What is the thousands digit of 174592931?
2
What is the ten millions digit of 55100431?
5
What is the hundred thousands digit of 1924975596?
9
What is the tens digit of 794626639?
3
What is the hundred millions digit of 5789857176?
7
What is the hundred millions digit of 1527297927?
5
What is the thousands digit of 87731328?
1
What is the millions digit of 9223172?
9
What is the hundred millions digit of 692660204?
6
What is the millions digit of 107572120?
7
What is the ten millions digit of 7345916950?
4
What is the tens digit of 4552300459?
5
What is the hundred thousands digit of 604096695?
0
What is the hundred thousands digit of 135639012?
6
What is the hundred thousands digit of 215898576?
8
What is the thousands digit of 40947492?
7
What is the hundred millions digit of 261104440?
2
What is the hundred thousands digit of 43856676?
8
What is the hundreds digit of 2226684886?
8
What is the tens digit of 318701784?
8
What is the units digit of 276028365?
5
What is the ten millions digit of 40979052?
4
What is the hundreds digit of 49158203?
2
What is the ten millions digit of 254303495?
5
What is the units digit of 472293013?
3
What is the hundred thousands digit of 787196719?
1
What is the units digit of 64344775?
5
What is the hundred thousands digit of 7133785935?
7
What is the hundreds digit of 1595075?
0
What is the ten thousands digit of 2999376585?
7
What is the hundreds digit of 5316614823?
8
What is the hundred millions digit of 130080548?
1
What is the tens digit of 148257281?
8
What is the tens digit of 22990658?
5
What is the billions digit of 1849487017?
1
What is the tens digit of 3402235020?
2
What is the tens digit of 1845692331?
3
What is the hundreds digit of 32908998?
9
What is the thousands digit of 59766288?
6
What is the millions digit of 908220540?
8
What is the hundred thousands digit of 4985768?
9
What is the units digit of 5336278896?
6
What is the thousands digit of 9102367?
2
What is the ten thousands digit of 17428587?
2
What is the units digit of 44730045?
5
What is the ten thousands digit of 38394165?
9
What is the thousands digit of 2488549?
8
What is the ten thousands digit of 57946501?
4
What is the units digit of 78804367?
7
What is the ten thousands digit of 10956816?
5
What is the thousands digit of 3451901383?
1
What is the billions digit of 1689620180?
1
What is the hundred thousands digit of 225344457?
3
What is the hundreds digit of 726171712?
7
What is the millions digit of 29176729?
9
What is the hundred millions digit of 2439784536?
4
What is the thousands digit of 1648590045?
0
What is the thousands digit of 1216269606?
9
What is the units digit of 81382995?
5
What is the units digit of 339005837?
7
What is the billions digit of 3156717837?
3
What is the tens digit of 43025833?
3
What is the units digit of 2178245992?
2
What is the ten thousands digit of 153811465?
1
What is the millions digit of 734571399?
4
What is the ten thousands digit of 741722151?
2
What is the millions digit of 57274950?
7
What is the tens digit of 804256759?
5
What is the ten millions digit of 1522292841?
2
What is the units digit of 1314440477?
7
What is the hundreds digit of 227914264?
2
What is the ten thousands digit of 20474191?
7
What is the hundred thousands digit of 1742991538?
9
What is the tens digit of 460691902?
0
What is the units digit of 4969862140?
0
What is the ten thousands digit of 256959516?
5
What is the hundreds digit of 24841818?
8
What is the hundreds digit of 544668052?
0
What is the tens digit of 122456443?
4
What is the units digit of 51903296?
6
What is the billions digit of 2012149212?
2
What is the tens digit of 681195956?
5
What is the thousands digit of 110791947?
1
What is the tens digit of 3157892410?
1
What is the thousands digit of 143572960?
2
What is the millions digit of 1022400874?
2
What is the units digit of 12086910?
0
What is the hundred thousands digit of 276037281?
0
What is the units digit of 1668794818?
8
What is the ten millions digit of 1906853531?
0
What is the ten thousands digit of 1276228634?
2
What is the hundreds digit of 1963047261?
2
What is the ten millions digit of 71395603?
7
What is the millions digit of 668175550?
8
What is the millions digit of 23083457?
3
What is the millions digit of 248165336?
8
What is the millions digit of 332093072?
2
What is the ten thousands digit of 40298494?
9
What is the hundred millions digit of 923689198?
9
What is the ten thousands digit of 3347142380?
4
What is the tens digit of 510988117?
1
What is the hundred thousands digit of 159881676?
8
What is the hundred thousands digit of 1968518832?
5
What is the hundreds digit of 946903268?
2
What is the hundred thousands digit of 935679435?
6
What is the tens digit of 25960225?
2
What is the hundreds digit of 232531972?
9
What is the ten thousands digit of 459724493?
2
What is the millions digit of 9399168?
9
What is the ten thousands digit of 90537190?
3
What is the ten millions digit of 63608337?
6
What is the ten millions digit of 13982473?
1
What is the billions digit of 4579603565?
4
What is the thousands digit of 196779268?
9
What is the ten thousands digit of 199930651?
3
What is the hundred thousands digit of 25920386?
9
What is the tens digit of 1662775224?
2
What is the hundred thousands digit of 626062311?
0
What is the thousands digit of 2986986713?
6
What is the ten millions digit of 203195465?
0
What is the hundreds digit of 79015912?
9
What is the thousands digit of 3308757989?
7
What is the hundreds digit of 4364395252?
2
What is the tens digit of 52666358?
5
What is the hundreds digit of 993941173?
1
What is the hundred thousands digit of 121489732?
4
What is the units digi